{"id":130,"date":"2024-02-24T23:06:55","date_gmt":"2024-02-24T23:06:55","guid":{"rendered":"https:\/\/www.gulensu.org\/?page_id=130"},"modified":"2025-10-19T02:23:58","modified_gmt":"2025-10-19T02:23:58","slug":"yatirimci-iliskileri","status":"publish","type":"page","link":"https:\/\/www.trendgyo.com.tr\/?page_id=130","title":{"rendered":"YATIRIMCI \u0130L\u0130\u015eK\u0130LER\u0130"},"content":{"rendered":"\t\t<div data-elementor-type=\"wp-page\" data-elementor-id=\"130\" class=\"elementor elementor-130\" data-elementor-post-type=\"page\">\n\t\t\t\t<div class=\"elementor-element elementor-element-3b3abe9 e-flex e-con-boxed e-con e-parent\" data-id=\"3b3abe9\" data-element_type=\"container\" data-settings=\"{&quot;background_background&quot;:&quot;classic&quot;}\">\n\t\t\t\t\t<div class=\"e-con-inner\">\n\t\t<div class=\"elementor-element elementor-element-8db3c2e e-con-full e-flex e-con e-child\" data-id=\"8db3c2e\" data-element_type=\"container\">\n\t\t\t\t<div class=\"elementor-element elementor-element-9d45c45 elementor-invisible elementor-widget elementor-widget-heading\" data-id=\"9d45c45\" data-element_type=\"widget\" data-settings=\"{&quot;_animation&quot;:&quot;fadeInLeft&quot;}\" data-widget_type=\"heading.default\">\n\t\t\t\t<div class=\"elementor-widget-container\">\n\t\t\t\t\t<h1 class=\"elementor-heading-title elementor-size-default\">YATIRIMCI \u0130L\u0130\u015eK\u0130LER\u0130<\/h1>\t\t\t\t<\/div>\n\t\t\t\t<\/div>\n\t\t\t\t<\/div>\n\t\t\t\t\t<\/div>\n\t\t\t\t<\/div>\n\t\t\t\t<section class=\"elementor-section elementor-top-section elementor-element elementor-element-37671be2 elementor-section-boxed elementor-section-height-default elementor-section-height-default\" data-id=\"37671be2\" data-element_type=\"section\" data-settings=\"{&quot;background_background&quot;:&quot;classic&quot;}\">\n\t\t\t\t\t\t\t<div class=\"elementor-background-overlay\"><\/div>\n\t\t\t\t\t\t\t<div class=\"elementor-container elementor-column-gap-default\">\n\t\t\t\t\t<div class=\"elementor-column elementor-col-50 elementor-top-column elementor-element elementor-element-2c27c758\" data-id=\"2c27c758\" data-element_type=\"column\">\n\t\t\t<div class=\"elementor-widget-wrap elementor-element-populated\">\n\t\t\t\t\t\t<div class=\"elementor-element elementor-element-636078cc elementor-widget elementor-widget-image\" data-id=\"636078cc\" data-element_type=\"widget\" data-widget_type=\"image.default\">\n\t\t\t\t<div class=\"elementor-widget-container\">\n\t\t\t\t\t\t\t\t\t\t\t\t\t\t\t<img fetchpriority=\"high\" decoding=\"async\" width=\"740\" height=\"700\" src=\"https:\/\/www.trendgyo.com.tr\/wp-content\/uploads\/2024\/02\/Andapark-Ozluce-15.jpg\" class=\"attachment-large size-large wp-image-53\" alt=\"\" srcset=\"https:\/\/www.trendgyo.com.tr\/wp-content\/uploads\/2024\/02\/Andapark-Ozluce-15.jpg 740w, https:\/\/www.trendgyo.com.tr\/wp-content\/uploads\/2024\/02\/Andapark-Ozluce-15-300x284.jpg 300w\" sizes=\"(max-width: 740px) 100vw, 740px\" \/>\t\t\t\t\t\t\t\t\t\t\t\t\t\t\t<\/div>\n\t\t\t\t<\/div>\n\t\t\t\t<section class=\"elementor-section elementor-inner-section elementor-element elementor-element-6fa2d5e0 elementor-section-boxed elementor-section-height-default elementor-section-height-default\" data-id=\"6fa2d5e0\" data-element_type=\"section\">\n\t\t\t\t\t\t<div class=\"elementor-container elementor-column-gap-default\">\n\t\t\t\t\t<div class=\"elementor-column elementor-col-100 elementor-inner-column elementor-element elementor-element-41db5374\" data-id=\"41db5374\" data-element_type=\"column\" data-settings=\"{&quot;background_background&quot;:&quot;classic&quot;}\">\n\t\t\t<div class=\"elementor-widget-wrap elementor-element-populated\">\n\t\t\t\t\t\t<div class=\"elementor-element elementor-element-689004c4 elementor-widget elementor-widget-heading\" data-id=\"689004c4\" data-element_type=\"widget\" data-widget_type=\"heading.default\">\n\t\t\t\t<div class=\"elementor-widget-container\">\n\t\t\t\t\t<h3 class=\"elementor-heading-title elementor-size-default\">RESM\u0130 <BR>DOK\u00dcMANLAR<\/h3>\t\t\t\t<\/div>\n\t\t\t\t<\/div>\n\t\t\t\t<div class=\"elementor-element elementor-element-172a1adc elementor-align-left elementor-align--mobilecenter elementor-invisible elementor-widget elementor-widget-elementskit-button\" data-id=\"172a1adc\" data-element_type=\"widget\" data-settings=\"{&quot;_animation&quot;:&quot;fadeInUp&quot;}\" data-widget_type=\"elementskit-button.default\">\n\t\t\t\t<div class=\"elementor-widget-container\">\n\t\t\t\t\t<div class=\"ekit-wid-con\" >\t\t<div class=\"ekit-btn-wraper\">\n\t\t\t\t\t\t\t<a href=\"https:\/\/www.trendgyo.com.tr\/?page_id=132\" class=\"elementskit-btn  whitespace--normal\" id=\"\">\n\t\t\t\t\tDETAYLI B\u0130LG\u0130\t\t\t\t<\/a>\n\t\t\t\t\t<\/div>\n        <\/div>\t\t\t\t<\/div>\n\t\t\t\t<\/div>\n\t\t\t\t\t<\/div>\n\t\t<\/div>\n\t\t\t\t\t<\/div>\n\t\t<\/section>\n\t\t\t\t\t<\/div>\n\t\t<\/div>\n\t\t\t\t<div class=\"elementor-column elementor-col-50 elementor-top-column elementor-element elementor-element-4d6d7918\" data-id=\"4d6d7918\" data-element_type=\"column\">\n\t\t\t<div class=\"elementor-widget-wrap elementor-element-populated\">\n\t\t\t\t\t\t<div class=\"elementor-element elementor-element-654fb51d elementor-widget elementor-widget-image\" data-id=\"654fb51d\" data-element_type=\"widget\" data-widget_type=\"image.default\">\n\t\t\t\t<div class=\"elementor-widget-container\">\n\t\t\t\t\t\t\t\t\t\t\t\t\t\t\t<img decoding=\"async\" width=\"740\" height=\"700\" src=\"https:\/\/www.trendgyo.com.tr\/wp-content\/uploads\/2024\/02\/Andapark-Millet-9.jpg\" class=\"attachment-large size-large wp-image-54\" alt=\"\" srcset=\"https:\/\/www.trendgyo.com.tr\/wp-content\/uploads\/2024\/02\/Andapark-Millet-9.jpg 740w, https:\/\/www.trendgyo.com.tr\/wp-content\/uploads\/2024\/02\/Andapark-Millet-9-300x284.jpg 300w\" sizes=\"(max-width: 740px) 100vw, 740px\" \/>\t\t\t\t\t\t\t\t\t\t\t\t\t\t\t<\/div>\n\t\t\t\t<\/div>\n\t\t\t\t<section class=\"elementor-section elementor-inner-section elementor-element elementor-element-45755c57 elementor-section-boxed elementor-section-height-default elementor-section-height-default\" data-id=\"45755c57\" data-element_type=\"section\">\n\t\t\t\t\t\t<div class=\"elementor-container elementor-column-gap-default\">\n\t\t\t\t\t<div class=\"elementor-column elementor-col-100 elementor-inner-column elementor-element elementor-element-543c9297\" data-id=\"543c9297\" data-element_type=\"column\" data-settings=\"{&quot;background_background&quot;:&quot;classic&quot;}\">\n\t\t\t<div class=\"elementor-widget-wrap elementor-element-populated\">\n\t\t\t\t\t\t<div class=\"elementor-element elementor-element-8de579f elementor-widget elementor-widget-heading\" data-id=\"8de579f\" data-element_type=\"widget\" data-widget_type=\"heading.default\">\n\t\t\t\t<div class=\"elementor-widget-container\">\n\t\t\t\t\t<h3 class=\"elementor-heading-title elementor-size-default\">KURUMSAL<BR> B\u0130LG\u0130LER<\/h3>\t\t\t\t<\/div>\n\t\t\t\t<\/div>\n\t\t\t\t<div class=\"elementor-element elementor-element-493b1f53 elementor-align-left elementor-align--mobilecenter elementor-invisible elementor-widget elementor-widget-elementskit-button\" data-id=\"493b1f53\" data-element_type=\"widget\" data-settings=\"{&quot;_animation&quot;:&quot;fadeInUp&quot;}\" data-widget_type=\"elementskit-button.default\">\n\t\t\t\t<div class=\"elementor-widget-container\">\n\t\t\t\t\t<div class=\"ekit-wid-con\" >\t\t<div class=\"ekit-btn-wraper\">\n\t\t\t\t\t\t\t<a href=\"https:\/\/www.trendgyo.com.tr\/?page_id=148\" class=\"elementskit-btn  whitespace--normal\" id=\"\">\n\t\t\t\t\tDETAYLI B\u0130LG\u0130\t\t\t\t<\/a>\n\t\t\t\t\t<\/div>\n        <\/div>\t\t\t\t<\/div>\n\t\t\t\t<\/div>\n\t\t\t\t\t<\/div>\n\t\t<\/div>\n\t\t\t\t\t<\/div>\n\t\t<\/section>\n\t\t\t\t\t<\/div>\n\t\t<\/div>\n\t\t\t\t\t<\/div>\n\t\t<\/section>\n\t\t\t\t<\/div>\n\t\t","protected":false},"excerpt":{"rendered":"<p>YATIRIMCI \u0130L\u0130\u015eK\u0130LER\u0130 RESM\u0130 DOK\u00dcMANLAR DETAYLI B\u0130LG\u0130 KURUMSAL B\u0130LG\u0130LER DETAYLI B\u0130LG\u0130<\/p>\n","protected":false},"author":1,"featured_media":0,"parent":0,"menu_order":0,"comment_status":"closed","ping_status":"closed","template":"","meta":{"footnotes":""},"class_list":["post-130","page","type-page","status-publish","hentry"],"_links":{"self":[{"href":"https:\/\/www.trendgyo.com.tr\/index.php?rest_route=\/wp\/v2\/pages\/130","targetHints":{"allow":["GET"]}}],"collection":[{"href":"https:\/\/www.trendgyo.com.tr\/index.php?rest_route=\/wp\/v2\/pages"}],"about":[{"href":"https:\/\/www.trendgyo.com.tr\/index.php?rest_route=\/wp\/v2\/types\/page"}],"author":[{"embeddable":true,"href":"https:\/\/www.trendgyo.com.tr\/index.php?rest_route=\/wp\/v2\/users\/1"}],"replies":[{"embeddable":true,"href":"https:\/\/www.trendgyo.com.tr\/index.php?rest_route=%2Fwp%2Fv2%2Fcomments&post=130"}],"version-history":[{"count":13,"href":"https:\/\/www.trendgyo.com.tr\/index.php?rest_route=\/wp\/v2\/pages\/130\/revisions"}],"predecessor-version":[{"id":1481,"href":"https:\/\/www.trendgyo.com.tr\/index.php?rest_route=\/wp\/v2\/pages\/130\/revisions\/1481"}],"wp:attachment":[{"href":"https:\/\/www.trendgyo.com.tr\/index.php?rest_route=%2Fwp%2Fv2%2Fmedia&parent=130"}],"curies":[{"name":"wp","href":"https:\/\/api.w.org\/{rel}","templated":true}]}}