{"id":125,"date":"2024-02-24T23:06:38","date_gmt":"2024-02-24T23:06:38","guid":{"rendered":"https:\/\/www.gulensu.org\/?page_id=125"},"modified":"2024-04-06T20:06:57","modified_gmt":"2024-04-06T20:06:57","slug":"biten-projeler","status":"publish","type":"page","link":"https:\/\/www.trendgyo.com.tr\/?page_id=125","title":{"rendered":"B\u0130TEN PROJELER"},"content":{"rendered":"\t\t<div data-elementor-type=\"wp-page\" data-elementor-id=\"125\" class=\"elementor elementor-125\" data-elementor-post-type=\"page\">\n\t\t\t\t\t\t<section class=\"elementor-section elementor-top-section elementor-element elementor-element-224eafc5 elementor-section-boxed elementor-section-height-default elementor-section-height-default\" data-id=\"224eafc5\" data-element_type=\"section\" data-settings=\"{&quot;background_background&quot;:&quot;classic&quot;}\">\n\t\t\t\t\t\t\t<div class=\"elementor-background-overlay\"><\/div>\n\t\t\t\t\t\t\t<div class=\"elementor-container elementor-column-gap-default\">\n\t\t\t\t\t<div class=\"elementor-column elementor-col-100 elementor-top-column elementor-element elementor-element-27e01a8a\" data-id=\"27e01a8a\" data-element_type=\"column\">\n\t\t\t<div class=\"elementor-widget-wrap elementor-element-populated\">\n\t\t\t\t\t\t<div class=\"elementor-element elementor-element-6f91adad elementor-invisible elementor-widget elementor-widget-heading\" data-id=\"6f91adad\" data-element_type=\"widget\" data-settings=\"{&quot;_animation&quot;:&quot;fadeInLeft&quot;}\" data-widget_type=\"heading.default\">\n\t\t\t\t<div class=\"elementor-widget-container\">\n\t\t\t\t\t<h2 class=\"elementor-heading-title elementor-size-default\">B\u0130TEN PROJELER<\/h2>\t\t\t\t<\/div>\n\t\t\t\t<\/div>\n\t\t\t\t\t<\/div>\n\t\t<\/div>\n\t\t\t\t\t<\/div>\n\t\t<\/section>\n\t\t<div class=\"elementor-element elementor-element-3514a50f e-flex e-con-boxed e-con e-parent\" data-id=\"3514a50f\" data-element_type=\"container\">\n\t\t\t\t\t<div class=\"e-con-inner\">\n\t\t\t\t<div class=\"elementor-element elementor-element-10d6de32 elementor-widget elementor-widget-prime-slider-rubix\" data-id=\"10d6de32\" data-element_type=\"widget\" data-widget_type=\"prime-slider-rubix.default\">\n\t\t\t\t<div class=\"elementor-widget-container\">\n\t\t\t\t\t\n\t\t\t\t\t\t<div class=\"bdt-prime-slider-rubix\">\n\t\t\t<div id=\"bdt-prime-slider-10d6de32\" class=\"bdt-rubix-slider elementor-swiper bdt-slide-style-1\" data-settings=\"{&quot;autoplay&quot;:{&quot;delay&quot;:5000},&quot;loop&quot;:true,&quot;speed&quot;:900,&quot;slidesPerView&quot;:1,&quot;slidesPerGroup&quot;:1,&quot;loopedSlides&quot;:4,&quot;centeredSlides&quot;:true,&quot;effect&quot;:&quot;slide&quot;,&quot;parallax&quot;:true,&quot;breakpoints&quot;:{&quot;768&quot;:{&quot;slidesPerView&quot;:1,&quot;slidesPerGroup&quot;:1},&quot;1024&quot;:{&quot;slidesPerView&quot;:2,&quot;slidesPerGroup&quot;:1}},&quot;navigation&quot;:{&quot;nextEl&quot;:&quot;#bdt-prime-slider-10d6de32 .bdt-navigation-next&quot;,&quot;prevEl&quot;:&quot;#bdt-prime-slider-10d6de32 .bdt-navigation-prev&quot;},&quot;lazy&quot;:{&quot;loadPrevNext&quot;:&quot;true&quot;},&quot;thumbs&quot;:{&quot;swiper&quot;:{&quot;el&quot;:&quot;#bdt-prime-slider-10d6de32 .bdt-thumb-slider&quot;,&quot;slidesPerView&quot;:2,&quot;spaceBetween&quot;:10,&quot;watchSlidesVisibility&quot;:true,&quot;watchSlidesProgress&quot;:true,&quot;slideToClickedSlide&quot;:true,&quot;observer&quot;:false,&quot;observeParents&quot;:false,&quot;loop&quot;:true,&quot;speed&quot;:900,&quot;scrollbar&quot;:{&quot;el&quot;:&quot;#bdt-prime-slider-10d6de32 .swiper-scrollbar&quot;,&quot;draggable&quot;:true},&quot;breakpoints&quot;:{&quot;768&quot;:{&quot;slidesPerView&quot;:3,&quot;spaceBetween&quot;:15}}}}}\">\n\t\t\t\t<div class=\"bdt-main-slider swiper\" role=\"region\" aria-roledescription=\"carousel\" aria-label=\"Rubix Slider\" dir=\"ltr\">\n\t\t\t\t\t<div class=\"swiper-wrapper\">\n\t\t\t\t\t\t\n\t\t\t\t<div class=\"bdt-item  swiper-slide\">\n\t\t\t\t\t<div class=\"bdt-slider-progress\"><\/div>\n\t\t\t\t\t<div class=\"bdt-img-wrap\">\n\t\t\t\t\t\t<img fetchpriority=\"high\" decoding=\"async\" width=\"740\" height=\"700\" src=\"https:\/\/www.trendgyo.com.tr\/wp-content\/uploads\/2024\/03\/Gorukle-2.jpg\" class=\"bdt-img swiper-lazy\" alt=\"G\u00f6r\u00fckle Trend Bulvar Evleri BURSA\" srcset=\"https:\/\/www.trendgyo.com.tr\/wp-content\/uploads\/2024\/03\/Gorukle-2.jpg 740w, https:\/\/www.trendgyo.com.tr\/wp-content\/uploads\/2024\/03\/Gorukle-2-300x284.jpg 300w\" sizes=\"(max-width: 740px) 100vw, 740px\" \/>\t\t\t\t\t\t\t\t\t\t\t\t\t<div class=\"bdt-read-more\">\n\t\t\t\t\t\t\t\t<a data-reveal=\"reveal-active\" href=\"https:\/\/www.trendgyo.com.tr\/?p=278\">\n\t\t\t\t\t\t\t\t\t<i class=\"ps-wi-link\"><\/i>\n\t\t\t\t\t\t\t\t\t<span>\n\t\t\t\t\t\t\t\t\t\tAyr\u0131nt\u0131l\u0131 Bilgi\t\t\t\t\t\t\t\t\t<\/span>\n\t\t\t\t\t\t\t\t<\/a>\n\t\t\t\t\t\t\t<\/div>\n\t\t\t\t\t\t\t\t\t\t\t<\/div>\n\t\t\t\t\t<div class=\"bdt-content\">\n\t\t\t\t\t\t\t\t\t\t\t\t<h3 class=\"bdt-title\" data-reveal=\"reveal-active\">\n\t\t\t\t<a href=\"https:\/\/www.trendgyo.com.tr\/?p=278\" title=\"G\u00f6r\u00fckle Trend Bulvar Evleri BURSA\">G\u00f6r\u00fckle Trend Bulvar Evleri BURSA<\/a>\n\t\t\t<\/h3>\t\t\t\t\t\t\n\t\t\t\t\t\t\t\t\t\t\t<\/div>\n\t\t\t\t<\/div>\n\n\t\t\t\t\n\t\t\t\t<div class=\"bdt-item  swiper-slide\">\n\t\t\t\t\t<div class=\"bdt-slider-progress\"><\/div>\n\t\t\t\t\t<div class=\"bdt-img-wrap\">\n\t\t\t\t\t\t<img decoding=\"async\" width=\"740\" height=\"700\" src=\"https:\/\/www.trendgyo.com.tr\/wp-content\/uploads\/2024\/03\/Andapark-Ertugrul-6.jpg\" class=\"bdt-img swiper-lazy\" alt=\"Ertu\u011frul evleri bursa\" srcset=\"https:\/\/www.trendgyo.com.tr\/wp-content\/uploads\/2024\/03\/Andapark-Ertugrul-6.jpg 740w, https:\/\/www.trendgyo.com.tr\/wp-content\/uploads\/2024\/03\/Andapark-Ertugrul-6-300x284.jpg 300w\" sizes=\"(max-width: 740px) 100vw, 740px\" \/>\t\t\t\t\t\t\t\t\t\t\t\t\t<div class=\"bdt-read-more\">\n\t\t\t\t\t\t\t\t<a data-reveal=\"reveal-active\" href=\"https:\/\/www.trendgyo.com.tr\/?p=276\">\n\t\t\t\t\t\t\t\t\t<i class=\"ps-wi-link\"><\/i>\n\t\t\t\t\t\t\t\t\t<span>\n\t\t\t\t\t\t\t\t\t\tAyr\u0131nt\u0131l\u0131 Bilgi\t\t\t\t\t\t\t\t\t<\/span>\n\t\t\t\t\t\t\t\t<\/a>\n\t\t\t\t\t\t\t<\/div>\n\t\t\t\t\t\t\t\t\t\t\t<\/div>\n\t\t\t\t\t<div class=\"bdt-content\">\n\t\t\t\t\t\t\t\t\t\t\t\t<h3 class=\"bdt-title\" data-reveal=\"reveal-active\">\n\t\t\t\t<a href=\"https:\/\/www.trendgyo.com.tr\/?p=276\" title=\"Ertu\u011frul evleri bursa\">Ertu\u011frul evleri bursa<\/a>\n\t\t\t<\/h3>\t\t\t\t\t\t\n\t\t\t\t\t\t\t\t\t\t\t<\/div>\n\t\t\t\t<\/div>\n\n\t\t\t\t\n\t\t\t\t<div class=\"bdt-item  swiper-slide\">\n\t\t\t\t\t<div class=\"bdt-slider-progress\"><\/div>\n\t\t\t\t\t<div class=\"bdt-img-wrap\">\n\t\t\t\t\t\t<img decoding=\"async\" width=\"739\" height=\"361\" src=\"https:\/\/www.trendgyo.com.tr\/wp-content\/uploads\/2024\/03\/Anda-Park-Balat1-1-e1712434264496.jpg\" class=\"bdt-img swiper-lazy\" alt=\"Balat 1 Evleri \/ BURSA\" srcset=\"https:\/\/www.trendgyo.com.tr\/wp-content\/uploads\/2024\/03\/Anda-Park-Balat1-1-e1712434264496.jpg 739w, https:\/\/www.trendgyo.com.tr\/wp-content\/uploads\/2024\/03\/Anda-Park-Balat1-1-e1712434264496-300x147.jpg 300w, https:\/\/www.trendgyo.com.tr\/wp-content\/uploads\/2024\/03\/Anda-Park-Balat1-1-e1712434264496-18x9.jpg 18w\" sizes=\"(max-width: 739px) 100vw, 739px\" \/>\t\t\t\t\t\t\t\t\t\t\t\t\t<div class=\"bdt-read-more\">\n\t\t\t\t\t\t\t\t<a data-reveal=\"reveal-active\" href=\"https:\/\/www.trendgyo.com.tr\/?p=274\">\n\t\t\t\t\t\t\t\t\t<i class=\"ps-wi-link\"><\/i>\n\t\t\t\t\t\t\t\t\t<span>\n\t\t\t\t\t\t\t\t\t\tAyr\u0131nt\u0131l\u0131 Bilgi\t\t\t\t\t\t\t\t\t<\/span>\n\t\t\t\t\t\t\t\t<\/a>\n\t\t\t\t\t\t\t<\/div>\n\t\t\t\t\t\t\t\t\t\t\t<\/div>\n\t\t\t\t\t<div class=\"bdt-content\">\n\t\t\t\t\t\t\t\t\t\t\t\t<h3 class=\"bdt-title\" data-reveal=\"reveal-active\">\n\t\t\t\t<a href=\"https:\/\/www.trendgyo.com.tr\/?p=274\" title=\"Balat 1 Evleri \/ BURSA\">Balat 1 Evleri \/ BURSA<\/a>\n\t\t\t<\/h3>\t\t\t\t\t\t\n\t\t\t\t\t\t\t\t\t\t\t<\/div>\n\t\t\t\t<\/div>\n\n\t\t\t\t\n\t\t\t\t<div class=\"bdt-item  swiper-slide\">\n\t\t\t\t\t<div class=\"bdt-slider-progress\"><\/div>\n\t\t\t\t\t<div class=\"bdt-img-wrap\">\n\t\t\t\t\t\t<img loading=\"lazy\" decoding=\"async\" width=\"740\" height=\"700\" src=\"https:\/\/www.trendgyo.com.tr\/wp-content\/uploads\/2024\/03\/Anda-Park-Balat2-17.jpg\" class=\"bdt-img swiper-lazy\" alt=\"Balat 2 Evleri \/ Bursa\" srcset=\"https:\/\/www.trendgyo.com.tr\/wp-content\/uploads\/2024\/03\/Anda-Park-Balat2-17.jpg 740w, https:\/\/www.trendgyo.com.tr\/wp-content\/uploads\/2024\/03\/Anda-Park-Balat2-17-300x284.jpg 300w\" sizes=\"(max-width: 740px) 100vw, 740px\" \/>\t\t\t\t\t\t\t\t\t\t\t\t\t<div class=\"bdt-read-more\">\n\t\t\t\t\t\t\t\t<a data-reveal=\"reveal-active\" href=\"https:\/\/www.trendgyo.com.tr\/?p=272\">\n\t\t\t\t\t\t\t\t\t<i class=\"ps-wi-link\"><\/i>\n\t\t\t\t\t\t\t\t\t<span>\n\t\t\t\t\t\t\t\t\t\tAyr\u0131nt\u0131l\u0131 Bilgi\t\t\t\t\t\t\t\t\t<\/span>\n\t\t\t\t\t\t\t\t<\/a>\n\t\t\t\t\t\t\t<\/div>\n\t\t\t\t\t\t\t\t\t\t\t<\/div>\n\t\t\t\t\t<div class=\"bdt-content\">\n\t\t\t\t\t\t\t\t\t\t\t\t<h3 class=\"bdt-title\" data-reveal=\"reveal-active\">\n\t\t\t\t<a href=\"https:\/\/www.trendgyo.com.tr\/?p=272\" title=\"Balat 2 Evleri \/ Bursa\">Balat 2 Evleri \/ Bursa<\/a>\n\t\t\t<\/h3>\t\t\t\t\t\t\n\t\t\t\t\t\t\t\t\t\t\t<\/div>\n\t\t\t\t<\/div>\n\n\t\t\t\t\n\t\t\t\t<div class=\"bdt-item  swiper-slide\">\n\t\t\t\t\t<div class=\"bdt-slider-progress\"><\/div>\n\t\t\t\t\t<div class=\"bdt-img-wrap\">\n\t\t\t\t\t\t<img loading=\"lazy\" decoding=\"async\" width=\"740\" height=\"700\" src=\"https:\/\/www.trendgyo.com.tr\/wp-content\/uploads\/2024\/02\/Andapark-Ozluce-13.jpg\" class=\"bdt-img swiper-lazy\" alt=\"\u0130STANBUL T\u0130CARET \u00dcN\u0130VERS\u0130TES\u0130\" srcset=\"https:\/\/www.trendgyo.com.tr\/wp-content\/uploads\/2024\/02\/Andapark-Ozluce-13.jpg 740w, https:\/\/www.trendgyo.com.tr\/wp-content\/uploads\/2024\/02\/Andapark-Ozluce-13-300x284.jpg 300w\" sizes=\"(max-width: 740px) 100vw, 740px\" \/>\t\t\t\t\t\t\t\t\t\t\t\t\t<div class=\"bdt-read-more\">\n\t\t\t\t\t\t\t\t<a data-reveal=\"reveal-active\" href=\"https:\/\/www.trendgyo.com.tr\/?p=269\">\n\t\t\t\t\t\t\t\t\t<i class=\"ps-wi-link\"><\/i>\n\t\t\t\t\t\t\t\t\t<span>\n\t\t\t\t\t\t\t\t\t\tAyr\u0131nt\u0131l\u0131 Bilgi\t\t\t\t\t\t\t\t\t<\/span>\n\t\t\t\t\t\t\t\t<\/a>\n\t\t\t\t\t\t\t<\/div>\n\t\t\t\t\t\t\t\t\t\t\t<\/div>\n\t\t\t\t\t<div class=\"bdt-content\">\n\t\t\t\t\t\t\t\t\t\t\t\t<h3 class=\"bdt-title\" data-reveal=\"reveal-active\">\n\t\t\t\t<a href=\"https:\/\/www.trendgyo.com.tr\/?p=269\" title=\"\u0130STANBUL T\u0130CARET \u00dcN\u0130VERS\u0130TES\u0130\">\u0130STANBUL T\u0130CARET \u00dcN\u0130VERS\u0130TES\u0130<\/a>\n\t\t\t<\/h3>\t\t\t\t\t\t\n\t\t\t\t\t\t\t\t\t\t\t<\/div>\n\t\t\t\t<\/div>\n\n\t\t\t\t\t\t\t\t\t<\/div>\n\t\t\t\t<\/div>\n\t\t\t\t\t\t\t\t<div thumbsSlider=\"\" class=\"bdt-thumb-slider swiper\">\n\t\t\t\t\t<div class=\"swiper-wrapper\">\n\t\t\t\t\t\t\n\t\t\t\t<div class=\"bdt-item swiper-slide\">\n\t\t\t\t\t<div class=\"bdt-content\">\n\t\t\t\t\t\t<h3 class=\"bdt-title\" data-reveal=\"reveal-active\">\n                <a href=\"https:\/\/www.trendgyo.com.tr\/?p=278\" title=\"G\u00f6r\u00fckle Trend Bulvar Evleri BURSA\">\n                    G\u00f6r\u00fckle Trend Bulvar Evleri BURSA\n                <\/a>\n            <\/h3>\t\t\t\t\t\t\n\t\t\t\t\t<\/div>\n\t\t\t\t<\/div>\n\t\t\t\t\n\t\t\t\t<div class=\"bdt-item swiper-slide\">\n\t\t\t\t\t<div class=\"bdt-content\">\n\t\t\t\t\t\t<h3 class=\"bdt-title\" data-reveal=\"reveal-active\">\n                <a href=\"https:\/\/www.trendgyo.com.tr\/?p=276\" title=\"Ertu\u011frul evleri bursa\">\n                    Ertu\u011frul evleri bursa\n                <\/a>\n            <\/h3>\t\t\t\t\t\t\n\t\t\t\t\t<\/div>\n\t\t\t\t<\/div>\n\t\t\t\t\n\t\t\t\t<div class=\"bdt-item swiper-slide\">\n\t\t\t\t\t<div class=\"bdt-content\">\n\t\t\t\t\t\t<h3 class=\"bdt-title\" data-reveal=\"reveal-active\">\n                <a href=\"https:\/\/www.trendgyo.com.tr\/?p=274\" title=\"Balat 1 Evleri \/ BURSA\">\n                    Balat 1 Evleri \/ BURSA\n                <\/a>\n            <\/h3>\t\t\t\t\t\t\n\t\t\t\t\t<\/div>\n\t\t\t\t<\/div>\n\t\t\t\t\n\t\t\t\t<div class=\"bdt-item swiper-slide\">\n\t\t\t\t\t<div class=\"bdt-content\">\n\t\t\t\t\t\t<h3 class=\"bdt-title\" data-reveal=\"reveal-active\">\n                <a href=\"https:\/\/www.trendgyo.com.tr\/?p=272\" title=\"Balat 2 Evleri \/ Bursa\">\n                    Balat 2 Evleri \/ Bursa\n                <\/a>\n            <\/h3>\t\t\t\t\t\t\n\t\t\t\t\t<\/div>\n\t\t\t\t<\/div>\n\t\t\t\t\n\t\t\t\t<div class=\"bdt-item swiper-slide\">\n\t\t\t\t\t<div class=\"bdt-content\">\n\t\t\t\t\t\t<h3 class=\"bdt-title\" data-reveal=\"reveal-active\">\n                <a href=\"https:\/\/www.trendgyo.com.tr\/?p=269\" title=\"\u0130STANBUL T\u0130CARET \u00dcN\u0130VERS\u0130TES\u0130\">\n                    \u0130STANBUL T\u0130CARET \u00dcN\u0130VERS\u0130TES\u0130\n                <\/a>\n            <\/h3>\t\t\t\t\t\t\n\t\t\t\t\t<\/div>\n\t\t\t\t<\/div>\n\t\t\t\t\t\t\t\t\t<\/div>\n\t\t\t\t<\/div>\n\n\t\t\t<\/div>\n\t\t<\/div>\n\t\t\t\t\t\t<\/div>\n\t\t\t\t<\/div>\n\t\t\t\t\t<\/div>\n\t\t\t\t<\/div>\n\t\t\t\t<\/div>\n\t\t","protected":false},"excerpt":{"rendered":"<p>B\u0130TEN PROJELER Ayr\u0131nt\u0131l\u0131 Bilgi G\u00f6r\u00fckle Trend Bulvar Evleri \/ BURSA Ayr\u0131nt\u0131l\u0131 Bilgi Ertu\u011frul evleri bursa Ayr\u0131nt\u0131l\u0131 Bilgi Balat 1 Evleri \/ BURSA Ayr\u0131nt\u0131l\u0131 Bilgi Balat 2 Evleri \/ Bursa Ayr\u0131nt\u0131l\u0131 Bilgi \u0130STANBUL T\u0130CARET \u00dcN\u0130VERS\u0130TES\u0130 G\u00f6r\u00fckle Trend Bulvar Evleri \/ BURSA Ertu\u011frul evleri bursa Balat 1 Evleri \/ BURSA Balat 2 Evleri \/ Bursa \u0130STANBUL T\u0130CARET [&hellip;]<\/p>\n","protected":false},"author":1,"featured_media":0,"parent":0,"menu_order":0,"comment_status":"closed","ping_status":"closed","template":"","meta":{"footnotes":""},"class_list":["post-125","page","type-page","status-publish","hentry"],"_links":{"self":[{"href":"https:\/\/www.trendgyo.com.tr\/index.php?rest_route=\/wp\/v2\/pages\/125","targetHints":{"allow":["GET"]}}],"collection":[{"href":"https:\/\/www.trendgyo.com.tr\/index.php?rest_route=\/wp\/v2\/pages"}],"about":[{"href":"https:\/\/www.trendgyo.com.tr\/index.php?rest_route=\/wp\/v2\/types\/page"}],"author":[{"embeddable":true,"href":"https:\/\/www.trendgyo.com.tr\/index.php?rest_route=\/wp\/v2\/users\/1"}],"replies":[{"embeddable":true,"href":"https:\/\/www.trendgyo.com.tr\/index.php?rest_route=%2Fwp%2Fv2%2Fcomments&post=125"}],"version-history":[{"count":11,"href":"https:\/\/www.trendgyo.com.tr\/index.php?rest_route=\/wp\/v2\/pages\/125\/revisions"}],"predecessor-version":[{"id":1041,"href":"https:\/\/www.trendgyo.com.tr\/index.php?rest_route=\/wp\/v2\/pages\/125\/revisions\/1041"}],"wp:attachment":[{"href":"https:\/\/www.trendgyo.com.tr\/index.php?rest_route=%2Fwp%2Fv2%2Fmedia&parent=125"}],"curies":[{"name":"wp","href":"https:\/\/api.w.org\/{rel}","templated":true}]}}